{"id":67,"date":"2025-12-11T23:12:59","date_gmt":"2025-12-11T20:12:59","guid":{"rendered":"http:\/\/kemalarican.tr\/?page_id=67"},"modified":"2025-12-20T22:06:56","modified_gmt":"2025-12-20T19:06:56","slug":"hizmetlerimiz","status":"publish","type":"page","link":"https:\/\/kemalarican.tr\/?page_id=67","title":{"rendered":"Hizmetlerimiz"},"content":{"rendered":"\n<p style=\"font-size:25px\"><strong>\u0130n\u015faat Projeleri<\/strong><\/p>\n\n\n\n<p>\u0130n\u015faat projelerimizi, kaliteyi ve g\u00fcvenli\u011fi \u00f6n planda tutarak hayata ge\u00e7iriyoruz. Deneyimli ekibimiz ve modern teknolojilerle, ihtiya\u00e7lar\u0131n\u0131za en uygun yap\u0131sal \u00e7\u00f6z\u00fcmleri sunuyor; projelerimizi planlama a\u015famas\u0131ndan teslim s\u00fcrecine kadar titizlikle y\u00f6netiyoruz.\u0130n\u015faat projelerimizde sa\u011flaml\u0131k, kalite ve estetikten \u00f6d\u00fcn vermeden, ihtiya\u00e7lar\u0131n\u0131za en uygun \u00e7\u00f6z\u00fcmleri \u00fcretiyor ve projeleri zaman\u0131nda, g\u00fcvenilir \u015fekilde teslim ediyoruz.<\/p>\n\n\n\n<figure class=\"wp-block-image size-full is-resized is-style-rounded\"><img loading=\"lazy\" src=\"https:\/\/kemalarican.tr\/wp-content\/uploads\/2025\/12\/faaliyet-alanlari-insaat-150x150-1.jpg\" alt=\"\" class=\"wp-image-73\" width=\"220\" height=\"196\"\/><figcaption><a rel=\"noreferrer noopener\" href=\"https:\/\/kemalarican.tr\/?page_id=57\" data-type=\"page\" data-id=\"57\" target=\"_blank\"><mark style=\"background-color:rgba(0, 0, 0, 0)\" class=\"has-inline-color has-black-color\"><strong>Referanslar\u0131m\u0131z L\u00fctfen T\u0131klay\u0131n\u0131z<\/strong><\/mark><\/a><\/figcaption><\/figure>\n\n\n\n<p style=\"font-size:25px\"><strong>Gayrimenkul Dan\u0131\u015fmanl\u0131\u011f\u0131<\/strong><\/p>\n\n\n\n<p>Gayrimenkul dan\u0131\u015fmanl\u0131\u011f\u0131 hizmetlerimiz, do\u011fru yat\u0131r\u0131m kararlar\u0131 alman\u0131z i\u00e7in kapsaml\u0131 piyasa analizi, de\u011ferleme, sat\u0131\u015f ve kiralama s\u00fcre\u00e7lerinde uzman deste\u011fi sunar. \u0130htiya\u00e7lar\u0131n\u0131za en uygun \u00e7\u00f6z\u00fcmleri \u00fcreterek s\u00fcreci g\u00fcvenli, \u015feffaf ve h\u0131zl\u0131 \u015fekilde y\u00f6netiyoruz.Gayrimenkul al\u0131m, sat\u0131m ve kiralama s\u00fcre\u00e7lerinde yan\u0131n\u0131zday\u0131z. Do\u011fru evi bulmaktan en avantajl\u0131 yat\u0131r\u0131m\u0131 yapmaya kadar t\u00fcm a\u015famalarda size rehberlik ediyor, g\u00fcvenilir bilgi ve deneyimle kararlar\u0131n\u0131z\u0131 kolayla\u015ft\u0131r\u0131yoruz.<\/p>\n\n\n\n<p><\/p>\n\n\n\n<figure class=\"wp-block-image size-full is-resized is-style-rounded\"><img loading=\"lazy\" src=\"https:\/\/kemalarican.tr\/wp-content\/uploads\/2025\/12\/emlak.jpg\" alt=\"\" class=\"wp-image-74\" width=\"236\" height=\"151\"\/><\/figure>\n\n\n\n<p style=\"font-size:16px\"><a rel=\"noreferrer noopener\" href=\"https:\/\/kemalaricangayrimenkul.sahibinden.com\/\" data-type=\"URL\" data-id=\"https:\/\/kemalaricangayrimenkul.sahibinden.com\/\" target=\"_blank\"><strong><mark style=\"background-color:rgba(0, 0, 0, 0)\" class=\"has-inline-color has-black-color\">G\u00fcncel \u0130lanlar\u0131m\u0131z \u0130\u00e7in T\u0131klay\u0131n\u0131z<\/mark><\/strong><\/a><\/p>\n\n\n\n<p><\/p>\n\n\n\n<p style=\"font-size:25px\"><strong>Arsa &amp; Proje Geli\u015ftirme<\/strong><\/p>\n\n\n\n<p>Arsa &amp; Proje Geli\u015ftirme hizmetlerimiz kapsam\u0131nda, do\u011fru lokasyon analizi, imar incelemeleri, fizibilite \u00e7al\u0131\u015fmalar\u0131 ve konsept geli\u015ftirme s\u00fcre\u00e7lerini titizlikle y\u00fcr\u00fct\u00fcyoruz. De\u011fer kazand\u0131ran projeler \u00fcretmek i\u00e7in her a\u015famada bilimsel veriler ve sekt\u00f6r deneyimi ile hareket ediyoruz.Yat\u0131r\u0131m potansiyeli y\u00fcksek arsalar\u0131 belirleyerek, do\u011fru planlama ve stratejik analizlerle projelerin en verimli \u015fekilde geli\u015ftirilmesini sa\u011fl\u0131yoruz. Amac\u0131m\u0131z, arsan\u0131n ger\u00e7ek de\u011ferini ortaya \u00e7\u0131karan, s\u00fcrd\u00fcr\u00fclebilir ve y\u00fcksek getirili projeler \u00fcretmektir.<\/p>\n","protected":false},"excerpt":{"rendered":"<p>\u0130n\u015faat Projeleri \u0130n\u015faat projelerimizi, kaliteyi ve g\u00fcvenli\u011fi \u00f6n planda tutarak hayata ge\u00e7iriyoruz. Deneyimli ekibimiz ve modern teknolojilerle, ihtiya\u00e7lar\u0131n\u0131za en uygun yap\u0131sal \u00e7\u00f6z\u00fcmleri sunuyor; projelerimizi planlama a\u015famas\u0131ndan teslim s\u00fcrecine kadar titizlikle y\u00f6netiyoruz.\u0130n\u015faat projelerimizde sa\u011flaml\u0131k, kalite ve estetikten \u00f6d\u00fcn vermeden, ihtiya\u00e7lar\u0131n\u0131za en uygun \u00e7\u00f6z\u00fcmleri \u00fcretiyor ve projeleri zaman\u0131nda, g\u00fcvenilir \u015fekilde teslim ediyoruz. Gayrimenkul Dan\u0131\u015fmanl\u0131\u011f\u0131 Gayrimenkul dan\u0131\u015fmanl\u0131\u011f\u0131 hizmetlerimiz, [&hellip;]<\/p>\n","protected":false},"author":1,"featured_media":35,"parent":0,"menu_order":0,"comment_status":"closed","ping_status":"closed","template":"","meta":[],"_links":{"self":[{"href":"https:\/\/kemalarican.tr\/index.php?rest_route=\/wp\/v2\/pages\/67"}],"collection":[{"href":"https:\/\/kemalarican.tr\/index.php?rest_route=\/wp\/v2\/pages"}],"about":[{"href":"https:\/\/kemalarican.tr\/index.php?rest_route=\/wp\/v2\/types\/page"}],"author":[{"embeddable":true,"href":"https:\/\/kemalarican.tr\/index.php?rest_route=\/wp\/v2\/users\/1"}],"replies":[{"embeddable":true,"href":"https:\/\/kemalarican.tr\/index.php?rest_route=%2Fwp%2Fv2%2Fcomments&post=67"}],"version-history":[{"count":6,"href":"https:\/\/kemalarican.tr\/index.php?rest_route=\/wp\/v2\/pages\/67\/revisions"}],"predecessor-version":[{"id":190,"href":"https:\/\/kemalarican.tr\/index.php?rest_route=\/wp\/v2\/pages\/67\/revisions\/190"}],"wp:featuredmedia":[{"embeddable":true,"href":"https:\/\/kemalarican.tr\/index.php?rest_route=\/wp\/v2\/media\/35"}],"wp:attachment":[{"href":"https:\/\/kemalarican.tr\/index.php?rest_route=%2Fwp%2Fv2%2Fmedia&parent=67"}],"curies":[{"name":"wp","href":"https:\/\/api.w.org\/{rel}","templated":true}]}}